
Calculate the remainder when 666 is divided by 227.
212
What is the remainder when 3155 is divided by 17?
10
Calculate the remainder when 73 is divided by 30.
13
Calculate the remainder when 6910 is divided by 144.
142
What is the remainder when 3400 is divided by 63?
61
What is the remainder when 559 is divided by 28?
27
What is the remainder when 527 is divided by 19?
14
Calculate the remainder when 69 is divided by 14.
13
Calculate the remainder when 372 is divided by 25.
22
What is the remainder when 290 is divided by 48?
2
Calculate the remainder when 249 is divided by 25.
24
Calculate the remainder when 362 is divided by 123.
116
Calculate the remainder when 129 is divided by 46.
37
Calculate the remainder when 512 is divided by 47.
42
Calculate the remainder when 326 is divided by 4.
2
What is the remainder when 281 is divided by 95?
91
What is the remainder when 183 is divided by 5?
3
Calculate the remainder when 519 is divided by 48.
39
What is the remainder when 4899 is divided by 10?
9
Calculate the remainder when 511 is divided by 27.
25
Calculate the remainder when 1282 is divided by 4.
2
What is the remainder when 463 is divided by 116?
115
Calculate the remainder when 1197 is divided by 60.
57
Calculate the remainder when 80 is divided by 25.
5
What is the remainder when 808 is divided by 166?
144
What is the remainder when 11436 is divided by 133?
131
Calculate the remainder when 2779 is divided by 1388.
3
What is the remainder when 447 is divided by 150?
147
What is the remainder when 44 is divided by 30?
14
Calculate the remainder when 1775 is divided by 100.
75
What is the remainder when 3055 is divided by 102?
97
Calculate the remainder when 189 is divided by 90.
9
What is the remainder when 77 is divided by 63?
14
What is the remainder when 373 is divided by 311?
62
Calculate the remainder when 723 is divided by 142.
13
Calculate the remainder when 3467 is divided by 51.
50
Calculate the remainder when 1127 is divided by 86.
9
Calculate the remainder when 24670 is divided by 169.
165
Calculate the remainder when 474 is divided by 152.
18
Calculate the remainder when 201 is divided by 6.
3
What is the remainder when 809 is divided by 10?
9
What is the remainder when 741 is divided by 576?
165
Calculate the remainder when 1288 is divided by 34.
30
What is the remainder when 130 is divided by 35?
25
What is the remainder when 127 is divided by 66?
61
What is the remainder when 109 is divided by 11?
10
Calculate the remainder when 2237 is divided by 99.
59
What is the remainder when 252 is divided by 23?
22
What is the remainder when 400 is divided by 22?
4
What is the remainder when 804 is divided by 13?
11
What is the remainder when 1810 is divided by 153?
127
Calculate the remainder when 281 is divided by 213.
68
Calculate the remainder when 1000 is divided by 4.
0
What is the remainder when 578 is divided by 101?
73
What is the remainder when 308 is divided by 26?
22
Calculate the remainder when 1623 is divided by 37.
32
Calculate the remainder when 35 is divided by 31.
4
Calculate the remainder when 771 is divided by 156.
147
What is the remainder when 103 is divided by 14?
5
Calculate the remainder when 167 is divided by 51.
14
Calculate the remainder when 7816 is divided by 10.
6
Calculate the remainder when 1120 is divided by 23.
16
Calculate the remainder when 11 is divided by 7.
4
Calculate the remainder when 1195 is divided by 80.
75
Calculate the remainder when 21 is divided by 18.
3
Calculate the remainder when 428 is divided by 24.
20
Calculate the remainder when 1503 is divided by 101.
89
What is the remainder when 924 is divided by 92?
4
Calculate the remainder when 71 is divided by 4.
3
What is the remainder when 92 is divided by 20?
12
What is the remainder when 197 is divided by 25?
22
What is the remainder when 724 is divided by 119?
10
Calculate the remainder when 115 is divided by 91.
24
Calculate the remainder when 1424 is divided by 17.
13
Calculate the remainder when 2374 is divided by 95.
94
Calculate the remainder when 75 is divided by 25.
0
What is the remainder when 1088 is divided by 190?
138
Calculate the remainder when 195 is divided by 4.
3
What is the remainder when 617 is divided by 52?
45
Calculate the remainder when 878 is divided by 21.
17
Calculate the remainder when 700 is divided by 13.
11
What is the remainder when 36011 is divided by 16?
11
Calculate the remainder when 31768 is divided by 90.
88
What is the remainder when 953 is divided by 203?
141
Calculate the remainder when 110 is divided by 3.
2
Calculate the remainder when 368 is divided by 1.
0
What is the remainder when 301 is divided by 102?
97
What is the remainder when 430 is divided by 169?
92
Calculate the remainder when 542 is divided by 170.
32
What is the remainder when 3909 is divided by 27?
21
What is the remainder when 9175 is divided by 248?
247
What is the remainder when 211 is divided by 14?
1
What is the remainder when 234 is divided by 27?
18
Calculate the remainder when 13997 is divided by 200.
197
Calculate the remainder when 29 is divided by 7.
1
Calculate the remainder when 4461 is divided by 2.
1
What is the remainder when 1779 is divided by 55?
19
What is the remainder when 3118 is divided by 285?
268
What is the remainder when 1229 is divided by 8?
5
What is the remainder when 320 is divided by 99?
23
Calculate the remainder when 8412 is divided by 69.
63
Calculate the remainder when 356 is divided by 35.
6
What is the remainder when 543 is divided by 119?
67
What is the remainder when 740 is divided by 106?
104
Calculate the remainder when 743 is divided by 31.
30
Calculate the remainder when 1182 is divided by 235.
7
Calculate the remainder when 994 is divided by 4.
2
What is the remainder when 18829 is divided by 8?
5
What is the remainder when 3126 is divided by 15?
6
Calculate the remainder when 367 is divided by 96.
79
What is the remainder when 88 is divided by 38?
12
What is the remainder when 1185 is divided by 195?
15
What is the remainder when 428 is divided by 54?
50
Calculate the remainder when 70 is divided by 22.
4
Calculate the remainder when 302 is divided by 16.
14
Calculate the remainder when 106 is divided by 106.
0
What is the remainder when 81 is divided by 18?
9
Calculate the remainder when 388 is divided by 132.
124
Calculate the remainder when 469 is divided by 107.
41
What is the remainder when 520 is divided by 110?
80
Calculate the remainder when 21482 is divided by 21.
20
Calculate the remainder when 1661 is divided by 334.
325
What is the remainder when 29109 is divided by 12?
9
What is the remainder when 8180 is divided by 15?
5
What is the remainder when 1160 is divided by 7?
5
Calculate the remainder when 93 is divided by 38.
17
Calculate the remainder when 3516 is divided by 51.
48
Calculate the remainder when 246 is divided by 83.
80
What is the remainder when 4079 is divided by 40?
39
What is the remainder when 1821 is divided by 186?
147
What is the remainder when 111 is divided by 39?
33
Calculate the remainder when 145 is divided by 21.
19
Calculate the remainder when 515 is divided by 221.
73
What is the remainder when 5116 is divided by 119?
118
Calculate the remainder when 440 is divided by 83.
25
What is the remainder when 615 is divided by 69?
63
Calculate the remainder when 71 is divided by 25.
21
What is the remainder when 739 is divided by 19?
17
What is the remainder when 142 is divided by 16?
14
Calculate the remainder when 57 is divided by 20.
17
Calculate the remainder when 395 is divided by 97.
7
Calculate the remainder when 226 is divided by 23.
19
Calculate the remainder when 186 is divided by 21.
18
Calculate the remainder when 76 is divided by 69.
7
Calculate the remainder when 295 is divided by 71.
11
What is the remainder when 456 is divided by 438?
18
What is the remainder when 378 is divided by 7?
0
What is the remainder when 366 is divided by 8?
6
Calculate the remainder when 48 is divided by 18.
12
Calculate the remainder when 2155 is divided by 22.
21
What is the remainder when 3430 is divided by 22?
20
Calculate the remainder when 268 is divided by 9.
7
Calculate the remainder when 65 is divided by 21.
2
Calculate the remainder when 173